{"id":161,"date":"2020-12-16T12:40:38","date_gmt":"2020-12-16T11:40:38","guid":{"rendered":"http:\/\/www.warung-indonesia.be\/?page_id=161"},"modified":"2024-04-01T12:06:03","modified_gmt":"2024-04-01T10:06:03","slug":"accueil","status":"publish","type":"page","link":"https:\/\/www.warung-indonesia.be\/","title":{"rendered":"Accueil"},"content":{"rendered":"<h1><strong>Lunch<\/strong><\/h1>\n<p>Le midi uniquement<\/p>\n<p>Sur place de 12h00 \u00e0 14h00 en take-away (Localisation ci-dessous ou sur les r\u00e9seaux sociaux)<\/p>\n<h3><strong>O\u00f9 nous trouver!<\/strong><\/h3>\n<p><iframe title=\"Avenue V\u00e9sale 2, 1300 Wavre\" src=\"https:\/\/maps.google.com\/maps?q=Avenue%20V%C3%A9sale%202%2C%201300%20Wavre&amp;t=m&amp;z=10&amp;output=embed&amp;iwloc=near\" frameborder=\"0\" marginwidth=\"0\" marginheight=\"0\" scrolling=\"no\" aria-label=\"Avenue V\u00e9sale 2, 1300 Wavre\"><\/iframe><br \/>\n<div class=\"op-is-open-shortcode\"><span class=\"op-open\">Nous sommes actuellement ouvert<\/span><\/div><\/p>\n<h4><\/h4>\n<h4><a href=\"https:\/\/www.warung-indonesia.be\/index.php\/lunch\/\" target=\"_blank\" rel=\"noopener\">Carte Lunch<\/a><\/h4>\n<h1><strong>Delivery<\/strong><\/h1>\n<p>Le soir et le week-end<\/p>\n<p>Enl\u00e8vement\/livraison \u00e0 domicile<\/p>\n<p>Sur demande<\/p>\n<h3 style=\"text-align: center;\"><b>Vous localiser<\/b><\/h3>\n<p><iframe title=\"Bouseval\" src=\"https:\/\/maps.google.com\/maps?q=Bouseval&amp;t=m&amp;z=10&amp;output=embed&amp;iwloc=near\" frameborder=\"0\" marginwidth=\"0\" marginheight=\"0\" scrolling=\"no\" aria-label=\"Bouseval\"><\/iframe><br \/>\n<div class=\"op-is-open-shortcode\"><span class=\"op-open\">Nous sommes actuellement ouverts<\/span><\/div><\/p>\n<h4><\/h4>\n<h4><a href=\"https:\/\/www.warung-indonesia.be\/index.php\/delivery-take-away\/\" target=\"_blank\" rel=\"noopener\">Carte Delivery \/ Take-Away<\/a><\/h4>\n<h1>Nous contacter<\/h1>\n<p><a href=\"mailto:info@warung-indonesia.be\">info@warung-indonesia.be<\/a><\/p>\n<p><a href=\"gsm:+32470117119\"><br \/>\n0470\/117 119<\/a><\/p>\n<p><a href=\"https:\/\/www.facebook.com\/WarungIndonesiaBelgium\" target=\"_blank\" rel=\"noopener\"><br \/>\nFacebook<br \/>\n<\/a><br \/>\n<a href=\"https:\/\/www.instagram.com\/warungindonesiabelgium\/\" target=\"_blank\" rel=\"noopener\"><br \/>\nInstagram<br \/>\n<\/a><br \/>\nCopyright \u00a9 [hfe_current_year] [hfe_site_title]<\/p>\n","protected":false},"excerpt":{"rendered":"<p>Lunch Le midi uniquement Sur place de 12h00 \u00e0 14h00 en take-away (Localisation ci-dessous ou sur les r\u00e9seaux sociaux) O\u00f9 nous trouver! Carte Lunch Delivery Le soir et le week-end Enl\u00e8vement\/livraison \u00e0 domicile Sur demande Vous localiser Carte Delivery \/ Take-Away Nous contacter info@warung-indonesia.be 0470\/117 119 Facebook Instagram Copyright \u00a9 [hfe_current_year] [hfe_site_title]<\/p>\n","protected":false},"author":1,"featured_media":0,"parent":0,"menu_order":0,"comment_status":"closed","ping_status":"closed","template":"","meta":{"footnotes":""},"yoast_head":"<!-- This site is optimized with the Yoast SEO plugin v15.7 - https:\/\/yoast.com\/wordpress\/plugins\/seo\/ -->\n<title>Accueil - Warung Indonesia<\/title>\n<meta name=\"robots\" content=\"index, follow, max-snippet:-1, max-image-preview:large, max-video-preview:-1\" \/>\n<link rel=\"canonical\" href=\"https:\/\/www.warung-indonesia.be\/\" \/>\n<meta property=\"og:locale\" content=\"fr_FR\" \/>\n<meta property=\"og:type\" content=\"article\" \/>\n<meta property=\"og:title\" content=\"Accueil - Warung Indonesia\" \/>\n<meta property=\"og:description\" content=\"Lunch Le midi uniquement Sur place de 12h00 \u00e0 14h00 en take-away (Localisation ci-dessous ou sur les r\u00e9seaux sociaux) O\u00f9 nous trouver! Carte Lunch Delivery Le soir et le week-end Enl\u00e8vement\/livraison \u00e0 domicile Sur demande Vous localiser Carte Delivery \/ Take-Away Nous contacter info@warung-indonesia.be 0470\/117 119 Facebook Instagram Copyright \u00a9 [hfe_current_year] [hfe_site_title]\" \/>\n<meta property=\"og:url\" content=\"https:\/\/www.warung-indonesia.be\/\" \/>\n<meta property=\"og:site_name\" content=\"Warung Indonesia\" \/>\n<meta property=\"article:publisher\" content=\"https:\/\/www.facebook.com\/WarungIndonesiaBelgium\" \/>\n<meta property=\"article:modified_time\" content=\"2024-04-01T10:06:03+00:00\" \/>\n<meta name=\"twitter:card\" content=\"summary_large_image\" \/>\n<meta name=\"twitter:label1\" content=\"Dur\u00e9e de lecture est.\">\n\t<meta name=\"twitter:data1\" content=\"1 minute\">\n<script type=\"application\/ld+json\" class=\"yoast-schema-graph\">{\"@context\":\"https:\/\/schema.org\",\"@graph\":[{\"@type\":\"Organization\",\"@id\":\"https:\/\/www.warung-indonesia.be\/#organization\",\"name\":\"Warung Indonesia\",\"url\":\"https:\/\/www.warung-indonesia.be\/\",\"sameAs\":[\"https:\/\/www.facebook.com\/WarungIndonesiaBelgium\"],\"logo\":{\"@type\":\"ImageObject\",\"@id\":\"https:\/\/www.warung-indonesia.be\/#logo\",\"inLanguage\":\"fr-FR\",\"url\":\"https:\/\/www.warung-indonesia.be\/wp-content\/uploads\/2020\/12\/cropped-logocircal.jpg.jpg.jpeg\",\"width\":250,\"height\":250,\"caption\":\"Warung Indonesia\"},\"image\":{\"@id\":\"https:\/\/www.warung-indonesia.be\/#logo\"}},{\"@type\":\"WebSite\",\"@id\":\"https:\/\/www.warung-indonesia.be\/#website\",\"url\":\"https:\/\/www.warung-indonesia.be\/\",\"name\":\"Warung Indonesia\",\"description\":\"REAL INDONESIAN STREET FOOD\",\"publisher\":{\"@id\":\"https:\/\/www.warung-indonesia.be\/#organization\"},\"potentialAction\":[{\"@type\":\"SearchAction\",\"target\":\"https:\/\/www.warung-indonesia.be\/?s={search_term_string}\",\"query-input\":\"required name=search_term_string\"}],\"inLanguage\":\"fr-FR\"},{\"@type\":\"WebPage\",\"@id\":\"https:\/\/www.warung-indonesia.be\/#webpage\",\"url\":\"https:\/\/www.warung-indonesia.be\/\",\"name\":\"Accueil - Warung Indonesia\",\"isPartOf\":{\"@id\":\"https:\/\/www.warung-indonesia.be\/#website\"},\"datePublished\":\"2020-12-16T11:40:38+00:00\",\"dateModified\":\"2024-04-01T10:06:03+00:00\",\"inLanguage\":\"fr-FR\",\"potentialAction\":[{\"@type\":\"ReadAction\",\"target\":[\"https:\/\/www.warung-indonesia.be\/\"]}]}]}<\/script>\n<!-- \/ Yoast SEO plugin. -->","_links":{"self":[{"href":"https:\/\/www.warung-indonesia.be\/index.php\/wp-json\/wp\/v2\/pages\/161"}],"collection":[{"href":"https:\/\/www.warung-indonesia.be\/index.php\/wp-json\/wp\/v2\/pages"}],"about":[{"href":"https:\/\/www.warung-indonesia.be\/index.php\/wp-json\/wp\/v2\/types\/page"}],"author":[{"embeddable":true,"href":"https:\/\/www.warung-indonesia.be\/index.php\/wp-json\/wp\/v2\/users\/1"}],"replies":[{"embeddable":true,"href":"https:\/\/www.warung-indonesia.be\/index.php\/wp-json\/wp\/v2\/comments?post=161"}],"version-history":[{"count":0,"href":"https:\/\/www.warung-indonesia.be\/index.php\/wp-json\/wp\/v2\/pages\/161\/revisions"}],"wp:attachment":[{"href":"https:\/\/www.warung-indonesia.be\/index.php\/wp-json\/wp\/v2\/media?parent=161"}],"curies":[{"name":"wp","href":"https:\/\/api.w.org\/{rel}","templated":true}]}}